{"id":847,"date":"2023-10-29T18:31:38","date_gmt":"2023-10-29T17:31:38","guid":{"rendered":"https:\/\/www.hukvaldskypotlach.cz\/?page_id=847"},"modified":"2024-10-06T17:24:30","modified_gmt":"2024-10-06T15:24:30","slug":"hudebni-vecery","status":"publish","type":"page","link":"https:\/\/www.hukvaldskypotlach.cz\/index.php\/minule-rocniky-festivalu-hukvaldsky-potlach\/hudebni-vecery\/","title":{"rendered":"Letn\u00ed ve\u010dery"},"content":{"rendered":"<p>[et_pb_section fb_built=&#8220;1&#8243; _builder_version=&#8220;4.16&#8243; global_colors_info=&#8220;{}&#8220;][et_pb_row _builder_version=&#8220;4.16&#8243; background_size=&#8220;initial&#8220; background_position=&#8220;top_left&#8220; background_repeat=&#8220;repeat&#8220; global_colors_info=&#8220;{}&#8220;][et_pb_column type=&#8220;4_4&#8243; _builder_version=&#8220;4.16&#8243; custom_padding=&#8220;|||&#8220; global_colors_info=&#8220;{}&#8220; custom_padding__hover=&#8220;|||&#8220;][et_pb_text _builder_version=&#8220;4.16&#8243; background_size=&#8220;initial&#8220; background_position=&#8220;top_left&#8220; background_repeat=&#8220;repeat&#8220; global_colors_info=&#8220;{}&#8220;]<!-- divi:paragraph --><\/p>\n<p>Krom\u011b festivalu po\u0159\u00e1d\u00e1me tak\u00e9 hudebn\u00ed ve\u010dery, p\u0159ev\u00e1\u017en\u011b s \u00fa\u010dast\u00ed region\u00e1ln\u00edch kapel a s prostorem k tanci&#8230;<\/p>\n<p><!-- \/divi:paragraph -->[\/et_pb_text][\/et_pb_column][\/et_pb_row][et_pb_row _builder_version=&#8220;4.26.0&#8243; _module_preset=&#8220;default&#8220;][et_pb_column _builder_version=&#8220;4.26.0&#8243; _module_preset=&#8220;default&#8220; type=&#8220;4_4&#8243;][et_pb_blog _builder_version=&#8220;4.26.0&#8243; _module_preset=&#8220;default&#8220; include_categories=&#8220;68&#8243; hover_enabled=&#8220;0&#8243; sticky_enabled=&#8220;0&#8243;][\/et_pb_blog][\/et_pb_column][\/et_pb_row][\/et_pb_section]<\/p>\n","protected":false},"excerpt":{"rendered":"<p>Krom\u011b festivalu po\u0159\u00e1d\u00e1me tak\u00e9 hudebn\u00ed ve\u010dery, p\u0159ev\u00e1\u017en\u011b s \u00fa\u010dast\u00ed region\u00e1ln\u00edch kapel a s prostorem k tanci&#8230;<\/p>\n","protected":false},"author":1,"featured_media":0,"parent":806,"menu_order":0,"comment_status":"closed","ping_status":"closed","template":"","meta":{"_et_pb_use_builder":"on","_et_pb_old_content":"<!-- wp:paragraph -->\n<p>Krom\u011b festivalu po\u0159\u00e1d\u00e1me tak\u00e9 hudebn\u00ed ve\u010dery, p\u0159ev\u00e1\u017en\u011b s \u00fa\u010dast\u00ed region\u00e1ln\u00edch kapel a s prostorem k tanci...<\/p>\n<!-- \/wp:paragraph -->","_et_gb_content_width":"","footnotes":""},"class_list":["post-847","page","type-page","status-publish","hentry"],"publishpress_future_action":{"enabled":false,"date":"2026-05-08 15:17:50","action":"change-status","newStatus":"draft","terms":[],"taxonomy":""},"publishpress_future_workflow_manual_trigger":{"enabledWorkflows":[]},"_links":{"self":[{"href":"https:\/\/www.hukvaldskypotlach.cz\/index.php\/wp-json\/wp\/v2\/pages\/847"}],"collection":[{"href":"https:\/\/www.hukvaldskypotlach.cz\/index.php\/wp-json\/wp\/v2\/pages"}],"about":[{"href":"https:\/\/www.hukvaldskypotlach.cz\/index.php\/wp-json\/wp\/v2\/types\/page"}],"author":[{"embeddable":true,"href":"https:\/\/www.hukvaldskypotlach.cz\/index.php\/wp-json\/wp\/v2\/users\/1"}],"replies":[{"embeddable":true,"href":"https:\/\/www.hukvaldskypotlach.cz\/index.php\/wp-json\/wp\/v2\/comments?post=847"}],"version-history":[{"count":0,"href":"https:\/\/www.hukvaldskypotlach.cz\/index.php\/wp-json\/wp\/v2\/pages\/847\/revisions"}],"up":[{"embeddable":true,"href":"https:\/\/www.hukvaldskypotlach.cz\/index.php\/wp-json\/wp\/v2\/pages\/806"}],"wp:attachment":[{"href":"https:\/\/www.hukvaldskypotlach.cz\/index.php\/wp-json\/wp\/v2\/media?parent=847"}],"curies":[{"name":"wp","href":"https:\/\/api.w.org\/{rel}","templated":true}]}}

Letní večery

<p>[et_pb_section fb_built=&#8220;1&#8243; _builder_version=&#8220;4.16&#8243; global_colors_info=&#8220;{}&#8220;][et_pb_row _builder_version=&#8220;4.16&#8243; background_size=&#8220;initial&#8220; background_position=&#8220;top_left&#8220; background_repeat=&#8220;repeat&#8220; global_colors_info=&#8220;{}&#8220;][et_pb_column type=&#8220;4_4&#8243; _builder_version=&#8220;4.16&#8243; custom_padding=&#8220;|||&#8220; global_colors_info=&#8220;{}&#8220; custom_padding__hover=&#8220;|||&#8220;][et_pb_text _builder_version=&#8220;4.16&#8243; background_size=&#8220;initial&#8220; background_position=&#8220;top_left&#8220; background_repeat=&#8220;repeat&#8220; global_colors_info=&#8220;{}&#8220;]<!-- divi:paragraph --></p>
<p>Kromě festivalu pořádáme také hudební večery, převážně s účastí regionálních kapel a s prostorem k tanci&#8230;</p>
<p><!-- /divi:paragraph -->[/et_pb_text][/et_pb_column][/et_pb_row][et_pb_row _builder_version=&#8220;4.26.0&#8243; _module_preset=&#8220;default&#8220;][et_pb_column _builder_version=&#8220;4.26.0&#8243; _module_preset=&#8220;default&#8220; type=&#8220;4_4&#8243;][et_pb_blog _builder_version=&#8220;4.26.0&#8243; _module_preset=&#8220;default&#8220; include_categories=&#8220;68&#8243; hover_enabled=&#8220;0&#8243; sticky_enabled=&#8220;0&#8243;][/et_pb_blog][/et_pb_column][/et_pb_row][/et_pb_section]</p>

<p>Kromě festivalu pořádáme také hudební večery, převážně s účastí regionálních kapel a s prostorem k tanci&#8230;</p>

<!-- wp:paragraph -->
<p>Kromě festivalu pořádáme také hudební večery, převážně s účastí regionálních kapel a s prostorem k tanci...</p>
<!-- /wp:paragraph -->
